{"id":2757,"date":"2023-05-13T09:16:59","date_gmt":"2023-05-13T14:16:59","guid":{"rendered":"https:\/\/www.lafmat.com\/home\/?page_id=2757"},"modified":"2023-09-05T19:49:39","modified_gmt":"2023-09-06T00:49:39","slug":"2757-2","status":"publish","type":"page","link":"https:\/\/www.lafmat.com\/home\/2757-2\/","title":{"rendered":"Invited\u00a0Speakers"},"content":{"rendered":"<p>[et_pb_section fb_built=\u00bb1&#8243; fullwidth=\u00bbon\u00bb _builder_version=\u00bb4.17.0&#8243; _module_preset=\u00bbdefault\u00bb da_disable_devices=\u00bboff|off|off\u00bb global_colors_info=\u00bb{}\u00bb da_is_popup=\u00bboff\u00bb da_exit_intent=\u00bboff\u00bb da_has_close=\u00bbon\u00bb da_alt_close=\u00bboff\u00bb da_dark_close=\u00bboff\u00bb da_not_modal=\u00bbon\u00bb da_is_singular=\u00bboff\u00bb da_with_loader=\u00bboff\u00bb da_has_shadow=\u00bbon\u00bb][et_pb_fullwidth_menu menu_id=\u00bb11&#8243; _builder_version=\u00bb4.17.0&#8243; _module_preset=\u00bbdefault\u00bb global_colors_info=\u00bb{}\u00bb][\/et_pb_fullwidth_menu][\/et_pb_section][et_pb_section fb_built=\u00bb1&#8243; _builder_version=\u00bb4.17.0&#8243; _module_preset=\u00bbdefault\u00bb custom_padding=\u00bb0px||0px||false|false\u00bb da_disable_devices=\u00bboff|off|off\u00bb global_colors_info=\u00bb{}\u00bb da_is_popup=\u00bboff\u00bb da_exit_intent=\u00bboff\u00bb da_has_close=\u00bbon\u00bb da_alt_close=\u00bboff\u00bb da_dark_close=\u00bboff\u00bb da_not_modal=\u00bbon\u00bb da_is_singular=\u00bboff\u00bb da_with_loader=\u00bboff\u00bb da_has_shadow=\u00bbon\u00bb][et_pb_row _builder_version=\u00bb4.17.0&#8243; _module_preset=\u00bbdefault\u00bb global_colors_info=\u00bb{}\u00bb][et_pb_column type=\u00bb4_4&#8243; _builder_version=\u00bb4.17.0&#8243; _module_preset=\u00bbdefault\u00bb global_colors_info=\u00bb{}\u00bb][et_pb_image src=\u00bbhttp:\/\/www.lafmat.com\/home\/wp-content\/uploads\/2023\/02\/Head.png\u00bb title_text=\u00bbHead\u00bb _builder_version=\u00bb4.17.0&#8243; _module_preset=\u00bbdefault\u00bb global_colors_info=\u00bb{}\u00bb][\/et_pb_image][\/et_pb_column][\/et_pb_row][\/et_pb_section][et_pb_section fb_built=\u00bb1&#8243; _builder_version=\u00bb4.17.0&#8243; _module_preset=\u00bbdefault\u00bb custom_padding=\u00bb0px||0px||false|false\u00bb da_disable_devices=\u00bboff|off|off\u00bb global_colors_info=\u00bb{}\u00bb da_is_popup=\u00bboff\u00bb da_exit_intent=\u00bboff\u00bb da_has_close=\u00bbon\u00bb da_alt_close=\u00bboff\u00bb da_dark_close=\u00bboff\u00bb da_not_modal=\u00bbon\u00bb da_is_singular=\u00bboff\u00bb da_with_loader=\u00bboff\u00bb da_has_shadow=\u00bbon\u00bb][et_pb_row _builder_version=\u00bb4.17.0&#8243; _module_preset=\u00bbdefault\u00bb global_colors_info=\u00bb{}\u00bb][et_pb_column type=\u00bb4_4&#8243; _builder_version=\u00bb4.17.0&#8243; _module_preset=\u00bbdefault\u00bb global_colors_info=\u00bb{}\u00bb][et_pb_text _builder_version=\u00bb4.17.0&#8243; _module_preset=\u00bbdefault\u00bb global_colors_info=\u00bb{}\u00bb]<\/p>\n<h1 style=\"text-align: center;\"><strong>INVITED SPEAKERS<\/strong><\/h1>\n<p>[\/et_pb_text][\/et_pb_column][\/et_pb_row][et_pb_row column_structure=\u00bb1_2,1_2&#8243; _builder_version=\u00bb4.17.0&#8243; _module_preset=\u00bbdefault\u00bb global_colors_info=\u00bb{}\u00bb][et_pb_column type=\u00bb1_2&#8243; _builder_version=\u00bb4.17.0&#8243; _module_preset=\u00bbdefault\u00bb global_colors_info=\u00bb{}\u00bb][et_pb_text _builder_version=\u00bb4.17.0&#8243; _module_preset=\u00bbdefault\u00bb custom_padding=\u00bb||0px|||\u00bb global_colors_info=\u00bb{}\u00bb]<\/p>\n<h5 style=\"text-align: center;\"><strong>Anna Palau<\/strong><\/h5>\n<p style=\"text-align: center;\"><strong>Instituto de Ciencia de Materiales<\/strong><\/p>\n<p style=\"text-align: center;\"><strong>Barcelona,\u00a0Spain<\/strong><\/p>\n<p>[\/et_pb_text][et_pb_text _builder_version=\u00bb4.17.0&#8243; _module_preset=\u00bbdefault\u00bb custom_padding=\u00bb||0px|||\u00bb global_colors_info=\u00bb{}\u00bb]<\/p>\n<h5 style=\"text-align: center;\"><strong>VPS AWANA\u00a0<\/strong><\/h5>\n<p style=\"text-align: center;\"><strong>National Physical Laboratory (CSIR), <\/strong><\/p>\n<p style=\"text-align: center;\"><strong>India<\/strong><\/p>\n<p>[\/et_pb_text][et_pb_text _builder_version=\u00bb4.17.0&#8243; _module_preset=\u00bbdefault\u00bb custom_padding=\u00bb||0px|||\u00bb global_colors_info=\u00bb{}\u00bb]<\/p>\n<h5 style=\"text-align: center;\"><strong>Prof. Sergey Ovchinnikov<\/strong><\/h5>\n<p style=\"text-align: center;\"><strong>Kirensky Institute of Physics<\/strong><\/p>\n<p style=\"text-align: center;\"><strong><span>Russia<\/span><\/strong><\/p>\n<p>[\/et_pb_text][et_pb_text _builder_version=\u00bb4.17.0&#8243; _module_preset=\u00bbdefault\u00bb global_colors_info=\u00bb{}\u00bb]<\/p>\n<h5 style=\"text-align: center;\"><strong>Prof. Pratap Kollu<\/strong><\/h5>\n<h5 style=\"text-align: center;\"><strong>University of Hyderabad<\/strong><\/h5>\n<p style=\"text-align: center;\"><strong>India<\/strong><\/p>\n<p>[\/et_pb_text][et_pb_text _builder_version=\u00bb4.17.0&#8243; _module_preset=\u00bbdefault\u00bb custom_padding=\u00bb||0px|||\u00bb global_colors_info=\u00bb{}\u00bb]<\/p>\n<h5 style=\"text-align: center;\"><strong>Isaias Gonzaga de Oliveira<\/strong><\/h5>\n<p style=\"text-align: center;\"><strong>Universidade Federal Rural do Rio de Janeiro (UFRRJ)<\/strong><\/p>\n<p style=\"text-align: center;\"><strong><span>Brazil<\/span><\/strong><\/p>\n<p>[\/et_pb_text][et_pb_text _builder_version=\u00bb4.17.0&#8243; _module_preset=\u00bbdefault\u00bb global_colors_info=\u00bb{}\u00bb]<\/p>\n<h5 style=\"text-align: center;\"><strong>Stuart Holmes<\/strong><\/h5>\n<h5 style=\"text-align: center;\"><strong>University College London<\/strong><\/h5>\n<p style=\"text-align: center;\"><strong>United Kingdom<\/strong><\/p>\n<p>[\/et_pb_text][et_pb_text _builder_version=\u00bb4.17.0&#8243; _module_preset=\u00bbdefault\u00bb global_colors_info=\u00bb{}\u00bb]<\/p>\n<h5 style=\"text-align: center;\"><strong>Ismardo Bonalde<\/strong><\/h5>\n<h5 style=\"text-align: center;\"><strong>Instituto Venezolano de Investigaciones Cient\u00edficas<\/strong><\/h5>\n<p style=\"text-align: center;\"><b>Venezuela<\/b><\/p>\n<p>[\/et_pb_text][et_pb_text _builder_version=\u00bb4.17.0&#8243; _module_preset=\u00bbdefault\u00bb global_colors_info=\u00bb{}\u00bb]<\/p>\n<h5 style=\"text-align: center;\"><strong>Sergio Conejeros Espindola<\/strong><\/h5>\n<h5 style=\"text-align: center;\"><strong>\u00a0Universidad Catolica del Norte<\/strong><\/h5>\n<p style=\"text-align: center;\"><strong>Antofagasta,\u00a0Chile<\/strong><\/p>\n<p>[\/et_pb_text][et_pb_text _builder_version=\u00bb4.17.0&#8243; _module_preset=\u00bbdefault\u00bb global_colors_info=\u00bb{}\u00bb]<\/p>\n<h5 style=\"text-align: center;\"><strong>Arturo Matrinez<\/strong><\/h5>\n<h5 style=\"text-align: center;\"><strong>CINVESTAV<\/strong><\/h5>\n<p style=\"text-align: center;\"><strong>Mexico<\/strong><\/p>\n<p>[\/et_pb_text][et_pb_text _builder_version=\u00bb4.17.0&#8243; _module_preset=\u00bbdefault\u00bb global_colors_info=\u00bb{}\u00bb]<\/p>\n<h5 style=\"text-align: center;\"><strong>Felipe Mondaca<\/strong><\/h5>\n<h5 style=\"text-align: center;\"><strong>Universidad de San Sebastian<\/strong><\/h5>\n<p style=\"text-align: center;\"><strong>Chile<\/strong><\/p>\n<p>[\/et_pb_text][et_pb_text _builder_version=\u00bb4.17.0&#8243; _module_preset=\u00bbdefault\u00bb global_colors_info=\u00bb{}\u00bb]<\/p>\n<h5 style=\"text-align: center;\"><strong>Jos\u00e9 Luis S\u00e1nchez Llamazares<\/strong><\/h5>\n<h5 style=\"text-align: center;\"><strong>Instituto Potosino de Investigaci\u00f3n Cient\u00edfica y Tecnol\u00f3gica (IPICYT)<\/strong><\/h5>\n<p style=\"text-align: center;\"><strong>Mexico<\/strong><\/p>\n<p>[\/et_pb_text][\/et_pb_column][et_pb_column type=\u00bb1_2&#8243; _builder_version=\u00bb4.17.0&#8243; _module_preset=\u00bbdefault\u00bb global_colors_info=\u00bb{}\u00bb][et_pb_text _builder_version=\u00bb4.17.0&#8243; _module_preset=\u00bbdefault\u00bb global_colors_info=\u00bb{}\u00bb]<\/p>\n<h5 style=\"text-align: center;\"><strong>Mauro Melchiades Doria<\/strong><\/h5>\n<h5 style=\"text-align: center;\"><strong><span>Universidade Federal do Rio de Janeiro (<\/span><\/strong><strong>UFRJ)<\/strong><\/h5>\n<p style=\"text-align: center;\"><strong>Brazil<\/strong><\/p>\n<p>[\/et_pb_text][et_pb_text _builder_version=\u00bb4.17.0&#8243; _module_preset=\u00bbdefault\u00bb global_colors_info=\u00bb{}\u00bb]<\/p>\n<h5 style=\"text-align: center;\"><strong>Mucio A. Continentino<\/strong><\/h5>\n<h5 style=\"text-align: center;\"><strong>Centro Brasileiro de Pesquisas F\u00edsicas (CBPF)<\/strong><\/h5>\n<h5 style=\"text-align: center;\"><strong style=\"font-size: 14px; color: #666666;\">Brazil<\/strong><\/h5>\n<p>[\/et_pb_text][et_pb_text _builder_version=\u00bb4.17.0&#8243; _module_preset=\u00bbdefault\u00bb global_colors_info=\u00bb{}\u00bb]<\/p>\n<h5 style=\"text-align: center;\"><strong style=\"font-size: 16px;\">Johans Restrepo<\/strong><\/h5>\n<h5 style=\"text-align: center;\"><strong style=\"font-size: 16px;\">Universidad de Antioquia<\/strong><\/h5>\n<p style=\"text-align: center;\"><strong>Colombia<\/strong><\/p>\n<p>[\/et_pb_text][et_pb_text _builder_version=\u00bb4.17.0&#8243; _module_preset=\u00bbdefault\u00bb global_colors_info=\u00bb{}\u00bb]<\/p>\n<h5 style=\"text-align: center;\"><strong>Mohammed ElMasalami<\/strong><\/h5>\n<h5 style=\"text-align: center;\"><strong>Centro Brasileiro de Pesquisas F\u00edsicas (CBPF)<\/strong><\/h5>\n<h5 style=\"text-align: center;\"><strong style=\"font-size: 14px; color: #666666;\">Brazil<\/strong><\/h5>\n<p>[\/et_pb_text][et_pb_text _builder_version=\u00bb4.17.0&#8243; _module_preset=\u00bbdefault\u00bb global_colors_info=\u00bb{}\u00bb]<\/p>\n<h5 style=\"text-align: center;\"><strong style=\"font-size: 16px;\">Michelle Marie Villamayor<\/strong><\/h5>\n<h5 style=\"text-align: center;\"><strong>Central Mindanao University (CMU)<\/strong><\/h5>\n<p style=\"text-align: center;\"><strong>Philippines<\/strong><\/p>\n<p>[\/et_pb_text][et_pb_text _builder_version=\u00bb4.17.0&#8243; _module_preset=\u00bbdefault\u00bb global_colors_info=\u00bb{}\u00bb]<\/p>\n<h5 style=\"text-align: center;\"><strong>Jose Albino de Aguilar<\/strong><\/h5>\n<h5 style=\"text-align: center;\"><strong>Universidade Federal de Pernambuco<\/strong><\/h5>\n<h5 style=\"text-align: center;\"><strong style=\"font-size: 14px; color: #666666;\">Brazil<\/strong><\/h5>\n<p>[\/et_pb_text][et_pb_text _builder_version=\u00bb4.17.0&#8243; _module_preset=\u00bbdefault\u00bb global_colors_info=\u00bb{}\u00bb]<\/p>\n<h5 style=\"text-align: center;\"><strong>Prof. Wilson Aires Ortiz<\/strong><\/p>\n<p><strong>Universidade Federal de S\u00e3o Carlos<\/strong><\/p>\n<p><strong>Brazil<\/strong><\/h5>\n<p>[\/et_pb_text][et_pb_text _builder_version=\u00bb4.17.0&#8243; _module_preset=\u00bbdefault\u00bb global_colors_info=\u00bb{}\u00bb]<\/p>\n<h5 style=\"text-align: center;\"><strong>Edgar Pati\u00f1o<\/strong><\/h5>\n<h5 style=\"text-align: center;\"><strong>Universidad de los Andes<\/strong><\/h5>\n<h5 style=\"text-align: center;\"><strong style=\"font-size: 14px; color: #666666;\">Colombia<\/strong><\/h5>\n<p>[\/et_pb_text][et_pb_text _builder_version=\u00bb4.17.0&#8243; _module_preset=\u00bbdefault\u00bb global_colors_info=\u00bb{}\u00bb]<\/p>\n<h5 style=\"text-align: center;\"><strong>Milorad Milosevic<\/strong><\/h5>\n<h5 style=\"text-align: center;\"><strong>University of Antwerp<\/strong><\/h5>\n<p style=\"text-align: center;\"><strong>Belgium<\/strong><\/p>\n<p>[\/et_pb_text][et_pb_text _builder_version=\u00bb4.17.0&#8243; _module_preset=\u00bbdefault\u00bb global_colors_info=\u00bb{}\u00bb]<\/p>\n<h5 style=\"text-align: center;\"><strong style=\"font-size: 16px;\">Ximena Vel\u00e1zquez<\/strong><\/h5>\n<h5 style=\"text-align: center;\"><strong>Universidad Nacional de Colombia<\/strong><\/h5>\n<h5 style=\"text-align: center;\"><strong style=\"font-size: 14px; color: #666666;\">Colombia<\/strong><\/h5>\n<p>[\/et_pb_text][et_pb_text _builder_version=\u00bb4.17.0&#8243; _module_preset=\u00bbdefault\u00bb global_colors_info=\u00bb{}\u00bb]<\/p>\n<h5 style=\"text-align: center;\"><strong style=\"font-size: 16px;\">Eliana Vargas<\/strong><\/h5>\n<h5 style=\"text-align: center;\"><strong>Universidad Nacional de Colombia<\/strong><\/h5>\n<h5 style=\"text-align: center;\"><strong style=\"font-size: 14px; color: #666666;\">Colombia<\/strong><\/h5>\n<p>[\/et_pb_text][\/et_pb_column][\/et_pb_row][et_pb_row _builder_version=\u00bb4.17.0&#8243; _module_preset=\u00bbdefault\u00bb custom_padding=\u00bb0px||0px||false|false\u00bb global_colors_info=\u00bb{}\u00bb][et_pb_column type=\u00bb4_4&#8243; _builder_version=\u00bb4.17.0&#8243; _module_preset=\u00bbdefault\u00bb global_colors_info=\u00bb{}\u00bb][et_pb_text _builder_version=\u00bb4.17.0&#8243; _module_preset=\u00bbdefault\u00bb global_colors_info=\u00bb{}\u00bb]<\/p>\n<h1 style=\"text-align: center;\"><strong>SPONSORS<\/strong><\/h1>\n<p>[\/et_pb_text][\/et_pb_column][\/et_pb_row][et_pb_row _builder_version=\u00bb4.17.0&#8243; _module_preset=\u00bbdefault\u00bb custom_margin=\u00bb-9px||||false|false\u00bb custom_padding=\u00bb0px||||false|false\u00bb global_colors_info=\u00bb{}\u00bb][et_pb_column type=\u00bb4_4&#8243; _builder_version=\u00bb4.17.0&#8243; _module_preset=\u00bbdefault\u00bb global_colors_info=\u00bb{}\u00bb][et_pb_image src=\u00bbhttp:\/\/www.lafmat.com\/home\/wp-content\/uploads\/2023\/02\/spons.png\u00bb title_text=\u00bbspons\u00bb _builder_version=\u00bb4.17.0&#8243; _module_preset=\u00bbdefault\u00bb global_colors_info=\u00bb{}\u00bb][\/et_pb_image][\/et_pb_column][\/et_pb_row][\/et_pb_section]<\/p>\n","protected":false},"excerpt":{"rendered":"<p>INVITED SPEAKERSAnna Palau Instituto de Ciencia de Materiales Barcelona,\u00a0SpainVPS AWANA\u00a0 National Physical Laboratory (CSIR), IndiaProf. Sergey Ovchinnikov Kirensky Institute of Physics RussiaProf. Pratap Kollu University of Hyderabad IndiaIsaias Gonzaga de Oliveira Universidade Federal Rural do Rio de Janeiro (UFRRJ) BrazilStuart Holmes University College London United KingdomIsmardo Bonalde Instituto Venezolano de Investigaciones Cient\u00edficas VenezuelaSergio Conejeros Espindola [&hellip;]<\/p>\n","protected":false},"author":1,"featured_media":0,"parent":0,"menu_order":0,"comment_status":"closed","ping_status":"closed","template":"","meta":{"_et_pb_use_builder":"on","_et_pb_old_content":"","_et_gb_content_width":""},"_links":{"self":[{"href":"https:\/\/www.lafmat.com\/home\/wp-json\/wp\/v2\/pages\/2757"}],"collection":[{"href":"https:\/\/www.lafmat.com\/home\/wp-json\/wp\/v2\/pages"}],"about":[{"href":"https:\/\/www.lafmat.com\/home\/wp-json\/wp\/v2\/types\/page"}],"author":[{"embeddable":true,"href":"https:\/\/www.lafmat.com\/home\/wp-json\/wp\/v2\/users\/1"}],"replies":[{"embeddable":true,"href":"https:\/\/www.lafmat.com\/home\/wp-json\/wp\/v2\/comments?post=2757"}],"version-history":[{"count":19,"href":"https:\/\/www.lafmat.com\/home\/wp-json\/wp\/v2\/pages\/2757\/revisions"}],"predecessor-version":[{"id":2910,"href":"https:\/\/www.lafmat.com\/home\/wp-json\/wp\/v2\/pages\/2757\/revisions\/2910"}],"wp:attachment":[{"href":"https:\/\/www.lafmat.com\/home\/wp-json\/wp\/v2\/media?parent=2757"}],"curies":[{"name":"wp","href":"https:\/\/api.w.org\/{rel}","templated":true}]}}